 divided by u?
10
Let y(a) = -a. Suppose -4*r + 6*r = -4. Let v be y(r). Calculate the remainder when (-104)/10*(-5)/v is divided by 7.
5
Suppose -4*a = -4*b + 3*b - 8, 5*b - 2 = -a. Suppose -28*g + 27*g = -13. What is the remainder when b/(-2) + 51/1 is divided by g?
12
What is the remainder when 38 is divided by (-4)/(-16)*2*(1 - -25)?
12
Calculate the remainder when 19 is divided by (42/(-28))/(3/(-6))*4.
7
Suppose 6*w - 4*w - 148 = 0. Let x be 8/4*(-14)/(-4) + -2. Suppose -x + 1 = y, -3*q - y = -w. Calculate the remainder when q is divided by 14.
12
Suppose 5*j + 186 = 171. Let f(a) = 3*a**3 + 1. Let m be f(-1). Calculate the remainder when 6 is divided by 2 - (j - (-3 - m)).
2
Suppose o = 2*g - 18, 4*g + 2*o - 48 = -4. Let p be (24/(-9))/2*-21. Calculate the remainder when g is divided by 76/p - 6/(-21).
1
Suppose -7*d + 2*d + 300 = 0. Let a = d - 42. Let x = 1 + a. Calculate the remainder when x is divided by 11.
8
Suppose -3*k = 2*k + 4*q - 31, -2*k + 15 = -q. Suppose k*y = 132 - 13. What is the remainder when 82 is divided by y?
14
Let y(c) = -c**2 + 11*c + 5. Let s(l) = l**2 - 12*l - 5. Let v(p) = -6*s(p) - 7*y(p). Let k = 8 - 14. Calculate the remainder when v(k) is divided by 21.
19
Let l(n) = -n**3 + 22*n**2 - 56*n - 3. What is the remainder when l(17) is divided by 26?
22
Suppose 5*x - 26 - 29 = 0. Calculate the remainder when x is divided by ((-22)/4 - (-1)/2) + 11.
5
Let s(g) be the second derivative of -g**3/6 - 5*g**2/2 - 5*g. Let m be s(-3). Let i = 9 - m. Calculate the remainder when i is divided by 3.
2
Let h = 51 - -76. Let t = h - 96. What is the remainder when t is divided by 5?
1
Let u be 1 + 1 - (-14)/(-1). Let g(v) = -2*v + 16. Calculate the remainder when 157 is divided by g(u).
37
Suppose -669*l = -676*l + 630. Calculate the remainder when 170 is divided by l.
80
Let p(k) = k - 15. Let g be p(8). Let i(f) = -f**3 - 7*f**2 - f + 3. Calculate the remainder when 47 is divided by i(g).
7
Suppose -6*i + 79 = -2*i + 5*d, 0 = -i - 5*d + 16. Suppose -m + 22 = -i. Calculate the remainder when m is divided by 9.
7
Let v(p) = -8*p - 7. Let j be (-2)/(-3) + 141/(-9). What is the remainder when v(-4) is divided by -1 + (-3)/3 - j?
12
Let l be 11/(44/72) - -2. Let i = l + -17. Suppose -i*m + 122 = -76. Calculate the remainder when m is divided by 17.
15
Suppose u + c - 10 = 0, -2*c + 38 = -0*u + 4*u. Calculate the remainder when (-77)/11*1*-5 is divided by u.
8
Suppose -5*s = -5*m, 0 = -m - 2*s - 2*s - 5. Let x be m/(-5) + (-1302)/(-15). Let p = x + -62. What is the remainder when p is divided by 7?
4
What is the remainder when 260 is divided by (-1802)/(-68)*(-3)/(6/(-4))?
48
Let x = -98 + 116. Suppose -3 = -2*r + 17. What is the remainder when x is divided by r?
8
Let d = 17 - 3. Suppose -5*i + 216 = -2*i. Suppose 207 = 3*z + 2*z + f, -i = -2*z + 5*f. What is the remainder when z is divided by d?
13
Let q = 621 - 376. Let w = q + -135. What is the remainder when w is divided by 28?
26
Suppose 3*s = 2*w + 17, 2*w = -2*s - 0*s + 18. Let q(v) = -v**3 - 5*v**2 + 2*v + 8. What is the remainder when q(-6) is divided by s?
4
Let s(y) = 2*y**2 + 18*y + 38. What is the remainder when 207 is divided by s(-12)?
97
Let o be (-2 + (-6)/15)*(-630)/27. Let f = o - 29. What is the remainder when 53 is divided by f?
26
Suppose -75*h + 288 = -57*h. What is the remainder when 30 + -1*(-1 - -2) is divided by h?
13
Let h be (-7 - (0 + -3))/(-1). Let y(r) = 3*r**2 + 6*r - 9. Calculate the remainder when y(h) is divided by 22.
19
Let n(o) = 32*o**2 - o + 1. Let q be n(1). Suppose -q + 12 = -c. What is the remainder when c is divided by -2 + (-2 - -4) + 6?
2
Let s = 212 + -165. What is the remainder when 174 is divided by s?
33
Suppose -16 = -3*y + i, 0 = 5*y + 3*i - 29 + 7. Suppose -3*s + 36 = 4*j - 24, 0 = 2*j - y*s - 4. What is the remainder when 39 is divided by j?
3
Suppose -22*b + 24*b - 38 = 0. Suppose -u - 7 = -27. Let z = u - 13. What is the remainder when b is divided by z?
5
Let i be (-69)/(-4) + (-27)/(-36). Let s = i + -22. Let o = 23 + s. What is the remainder when 35 is divided by o?
16
What is the remainder when 5*((26 - 6) + -1) is divided by 48?
47
Let a(n) = 15*n + 81. Calculate the remainder when a(8) is divided by 35.
26
Let h(m) = 4*m + 4. Let p be h(7). Suppose x - p = -x. Suppose -2*g = r + 3*r - 112, -4*g + x = 0. What is the remainder when 77 is divided by r?
25
Suppose -4*y + 3*y - 91 = -h, -4*h = 3*y - 399. Let a = h - 62. What is the remainder when a is divided by 12?
10
Suppose -8*h - 5957 = -31*h. Calculate the remainder when h is divided by 65.
64
Suppose -20*j + 42*j - 3600 = -68*j. Let y(f) = -3*f**3 + f**2 + 4*f + 6. Calculate the remainder when y(-4) is divided by j.
38
Let o = 158 - 82. Let h = -70 + 83. Calculate the remainder when o is divided by h.
11
Suppose 3*q - q + 96 = 0. Let d = q + 81. Calculate the remainder when d is divided by 7.
5
Suppose 3*g = -2 + 20. Calculate the remainder when (-2)/(-3) - (5 - 128/g) is divided by 5.
2
Let q(b) be the third derivative of b**6/120 + 2*b**5/15 + b**4/4 - b**3/3 + b**2. Let n be q(-7). Let h = n - -6. What is the remainder when h is divided by 3?
2
Suppose -3*h - 18 = -n, 0 = 2*n - 4*h - 1 - 31. Let k(x) = 2*x - 16. Let a be k(10). What is the remainder when n is divided by (7 - 0) + a + -4?
5
Let k = 43 + -25. Suppose -x = x - k. Calculate the remainder when x is divided by 3.
0
Let j(h) = 2*h + 31. Let c be j(-17). Let s(f) = 2*f + 14. What is the remainder when 119 is divided by s(c)?
7
Let d(v) be the second derivative of 1/3*v**3 - 1/4*v**4 + 0 - 6*v - 1/2*v**2 + 1/10*v**5. Calculate the remainder when 18 is divided by d(2).
4
What is the remainder when 23148/297 + (-2)/(-33) is divided by 42?
36
Suppose 3*r + 202 = -5. Let c = -30 - r. Calculate the remainder when 272 is divided by c.
38
Suppose 5*s - 161 = 284. Calculate the remainder when s is divided by 47.
42
Calculate the remainder when 2/((-1)/1) - -9 is divided by (5 + -13)*(91/56 + -2).
1
Let n be -1 + 12 + -9 + 6. Suppose n*s - 4*s = -8. Let w(j) = 28*j**2 + 2*j + 2. What is the remainder when w(s) is divided by 28?
26
Let w = -196 + 249. Calculate the remainder when w is divided by 18.
17
Let h be 4/(-10) + ((-1311)/(-15) - -1). Suppose 4*x + 4*x = h. What is the remainder when x is divided by 7?
4
Suppose -8*o = 16*o - 4800. What is the remainder when o is divided by 31?
14
Let p = 458 - 448. Calculate the remainder when 66 is divided by p.
6
Let o be 4/8 + (-26)/4. Let u be 0/(-4) - (0 - o). Calculate the remainder when 25 is divided by (-12)/8*56/u.
11
Suppose -10*r - t + 24 = -8*r, -2*t = 5*r - 61. Calculate the remainder when 50 is divided by r.
11
Suppose -7*p = -2*p + 25. Let n(r) = -4*r - 6. Let f(d) = 6*d + 7. Calculate the remainder when f(8) is divided by n(p).
13
Let l be (1 - 86/(-6))/(8/(-24)). Let p = l + 56. Calculate the remainder when 28 is divided by p.
8
Let z = -232 + 402. What is the remainder when z is divided by 6?
2
Suppose -2*c + 6 = 4. What is the remainder when 21 is divided by 0 - (2/c - 13)?
10
Let j(i) be the first derivative of -2*i**3/3 + i**2 + 5*i + 2. Let a be j(-7). Let t = a - -150. Calculate the remainder when t is divided by 11.
10
Suppose 2*t - t = -121. What is the remainder when (-6)/24 - t/4 is divided by 11?
8
Let b be ((-45)/4)/(3/(-16)). Let v = b + -42. Calculate the remainder when ((-42)/18 - -1)*(-210)/4 is divided by v.
16
Let x(u) be the first derivative of -u**2/2 + 5*u - 2. Let s be x(5). Suppose s = -0*q - 5*q + 65. What is the remainder when 36 is divided by q?
10
Suppose -2*g + 138 = 5*s, -5*s + 3*g - 76 = -219. Let w(f) = -f**3 - 6*f**2 - f + 4. Calculate the remainder when s is divided by w(-6).
8
Suppose -1177*o + 322 = -1154*o. What is the remainder when 37 is divided by o?
9
Let a = 125 + -126. What is the remainder when a + 20 + 2 + (0 - 4) is divided by 2?
1
Let l(p) = 26*p - 6. Let v(z) = 9*z - 2. Suppose -9*r + 5*r - 56 = 0. Let h(k) = r*v(k) + 5*l(k). What is the remainder when 26 is divided by h(3)?
6
Let w(m) = -11*m + m + 9*m - m**3 + 2 + 8*m**2. What is the remainder when 130 is divided by w(7)?
42
Let y = 872 + -849. Calculate the remainder when 173 is divided by y.
12
Calculate the remainder when 412 is divided by 92/506 - 